= 5*g - 19, -3 = 3*n - 5*g - 0. Suppose d - 1240 = -n*d. Let t = -171 + d. Is t a composite number?
True
Let b = -45 + 34. Let c(y) = 8*y**2 + 2*y - 2. Let a be c(3). Let n = a + b. Is n a prime number?
False
Is (10 - 5)/(2/202) prime?
False
Suppose 0 = -5*g - 3*y - 20 - 25, -y + 25 = -5*g. Let r(m) = -10*m + 19. Is r(g) composite?
False
Let b(z) = -3*z - 2. Suppose -2*s + 10 = 3*s. Suppose m = -v - 7, -s*m = 3*v + 3*m + 21. Is b(v) composite?
False
Let t(f) = 13*f**2 - 4*f - 1. Is t(2) prime?
True
Let v(o) = -2*o**2 + 11*o - 7. Let r(d) = -2*d**2 + 12*d - 8. Let u(m) = 5*r(m) - 6*v(m). Let t(s) = s + 2. Let i be t(2). Is u(i) prime?
False
Let a = 152 + 2. Let x = a - 27. Is x a composite number?
False
Let g = 4 - 2. Suppose 5 = -x + 3*f + 2, 0 = 2*x - 5*f + g. Is (-3)/x - (-116)/6 a prime number?
True
Suppose 0 = -4*s - 4*o - 2166 + 7626, 3*o + 2710 = 2*s. Is s composite?
False
Suppose 0 = 4*y - 5*l - 27, -1 - 2 = 3*y + 4*l. Suppose 4*m + y = 31. Is m composite?
False
Suppose c - 47 = -2*z - 2*z, -146 = -4*c + 5*z. Is c composite?
True
Let s be (-5 + 12)/(1 + 0). Suppose s*q = 6*q. Suppose -2*t + 0*t + 30 = q. Is t prime?
False
Suppose 0*g = -3*r + 3*g + 9, 2*r - 2 = 4*g. Suppose -r*x = -j + 51, 105 = 4*j - 3*x - 14. Is j a composite number?
True
Let b(h) = -50*h + 8. Let s be b(-4). Is s - 0 - (1 + 2) prime?
False
Suppose h = 36 + 269. Is h composite?
True
Suppose 5*b + 5*w = 15, 0 = -4*w + 1 - 5. Let z = -18 - -11. Let j = b - z. Is j a prime number?
True
Suppose 0 = 2*n + 3*n - 395. Is n a composite number?
False
Is (-4876)/(-10) - (-51)/(-85) prime?
True
Is -4 + (-753)/(-2) - (-3)/(-2) composite?
True
Let i = 1249 + -706. Is i a composite number?
True
Let g = 2 + 0. Suppose -g*n + 99 - 37 = 0. Is n a prime number?
True
Let x(f) be the first derivative of -f**5/5 - 5*f**4/24 - 2*f**3/3 - 1. Let u(j) be the third derivative of x(j). Is u(-4) a prime number?
False
Suppose 15*q - 17*q = 0. Suppose 0*v - 5*d = -4*v + 393, q = 5*v - 3*d - 488. Is v composite?
False
Let c(y) = -55*y**3 - 8*y**2 - 5*y - 5. Is c(-4) a composite number?
False
Suppose 2*a - 3*a = 3. Is (-878)/(-3) + a/(-9) a composite number?
False
Let z = 4 + -4. Let d(c) = -2 + 3 + z - 13*c. Is d(-6) a prime number?
True
Is 64554/154 - 4/22 composite?
False
Suppose 23 = 5*q - 12. Suppose -p + q = -3. Is p a prime number?
False
Suppose 7*y = 3*y - 80. Let z = -635 + 452. Let m = y - z. Is m composite?
False
Let o be ((-112)/21)/((-2)/3). Suppose x = 3*x + 10. Let c = x + o. Is c composite?
False
Suppose 4*k - 3*j = 2*j + 69, 2*j - 48 = -2*k. Is (-6)/k + 690/14 composite?
True
Suppose -4*m + 101 = -407. Is m composite?
False
Let a = 11 + -14. Is a/(-1 + -2)*373 a prime number?
True
Suppose 4*c - 576 = 7*c. Suppose -r = -d + 280, -4*d - 6*r + 4*r + 1126 = 0. Let i = c + d. Is i a prime number?
True
Is (-30)/20*(-582)/9 a composite number?
False
Let c(a) be the second derivative of -14*a**5/5 + a**3/6 - a. Is c(-1) composite?
True
Suppose 5*t - 3*t + 6 = 5*z, 2*t - z = -14. Let b be 4/t*(-9 - -1). Suppose 2*y - 201 = -5*g, 2*y - b*g + 6*g = 216. Is y a composite number?
False
Suppose -b - 5*o = -1, -b = 2*o - 8 - 5. Let q = b - -21. Suppose 3*u - 366 = 3*r, -5*r = 3*u - 300 - q. Is u composite?
True
Suppose 2*p = -2*p + 2*b + 10, 3*p = -3*b + 12. Suppose 0 = -4*x - 16, 0 = -2*l - p*x + 70 + 12. Is l a composite number?
False
Let q be 1 + (0 + -2 - -3). Suppose 2*w = -q*t + 256, 5*w = 5*t - 8*t + 634. Suppose -7*l + 2*l = -w. Is l a composite number?
True
Let c(h) be the first derivative of -h**3/3 + 5*h**2/2 + h + 2. Let x be c(4). Suppose l = 5*a - 67, -x = -a - 2*l + 15. Is a composite?
True
Suppose -6*s + 1761 = -3*s. Is s prime?
True
Let i(j) = 13*j + 7. Let f(o) = 3*o - 15. Let x be f(9). Is i(x) composite?
False
Let p be (-3)/(-3*(-2)/(-4)). Suppose x + 235 = p*w, 2*w = -3*x + 8*x + 255. Is w composite?
True
Is (-1)/(2 - 2545/1270) composite?
True
Suppose h + 4*y = 5*y + 139, 5*h + 4*y = 695. Is h a composite number?
False
Suppose -112 = -2*q + 4. Suppose -q = -2*r - 5*d + 87, -5*r + 349 = -d. Let j = r - 39. Is j prime?
True
Let s = 8 + -4. Let g(r) = -3*r**2 + 4*r**2 + 3*r - 5 + 0*r**2. Is g(s) a prime number?
True
Let m = -843 - -1384. Is m a prime number?
True
Suppose -12 = -2*z - 4*j, 3*z + 2*z - 4*j + 26 = 0. Is (10/4)/(z/(-28)) prime?
False
Suppose 5*m - z + 0*z - 1475 = 0, -1475 = -5*m + 5*z. Is m a composite number?
True
Suppose -4*z = -z - 9. Suppose 2*r + z*g = 392, 0 = -2*r - r + 2*g + 601. Is r a composite number?
False
Is ((-21)/14)/((-6)/44) a composite number?
False
Let y = 77 - -26. Is y prime?
True
Let y = 160 - 45. Is y a composite number?
True
Suppose 3*w = -2*w. Suppose w*f = 2*f. Is (2 - f)*7/2 composite?
False
Let o = -1144 - -1775. Is o a composite number?
False
Let x = -4 - -8. Let c = -2 + x. Suppose -3*l + 4*o + 94 = -l, 158 = 4*l - c*o. Is l composite?
False
Let h(x) = x**3 + 11*x**2 + 3*x - 3. Let a = -1 + 5. Suppose z - 2 = 2*z + 4*f, 0 = -a*z - f - 38. Is h(z) a composite number?
False
Let a(c) be the second derivative of 31*c**3/6 - c**2/2 + c. Let t be a(-1). Let x = t + 58. Is x a composite number?
True
Suppose -a + 2*a - 23 = 0. Is a a composite number?
False
Suppose -5*j - 2*g + 1 = -52, 0 = -4*j + 4*g + 48. Is j composite?
False
Let d = 2656 - -4495. Is d a composite number?
False
Suppose -5*w = v - 364, 4*w = -0*w + 4. Is v a prime number?
True
Suppose -3*i + 2*u = -5721, -4*i - 4*u + 5042 = -2586. Is i prime?
True
Suppose b = -3*b - 548. Let s = 242 + b. Suppose z - 4*z = -s. Is z a composite number?
True
Let h = 998 - 369. Is h composite?
True
Let f = 121 + 57. Is f a prime number?
False
Let s = -10 - -12. Suppose -s*h + 115 = 3*h. Is h composite?
False
Is ((-15)/(-9))/(3/8793) a composite number?
True
Suppose -s + 18 = -4*s. Is 9/(s/(-2)) + 16 a composite number?
False
Suppose 7*c - 7086 = c. Is c composite?
False
Let w = -358 - -156. Let g = w - -313. Is g prime?
False
Let n = 3 - -2. Suppose 0*c = -n*c + 265. Is c composite?
False
Suppose k + 4*l = -2*k + 637, -2*l = -4*k + 820. Let u = 42 + -42. Suppose u*g + g - 77 = -a, 0 = 3*g - 5*a - k. Is g a prime number?
False
Suppose -4*w + 2*a - 3*a - 1 = 0, -2*a - 10 = 0. Let x(y) = y + 5. Let b be x(5). Let g = w + b. Is g composite?
False
Suppose f - 212 = -3*f. Is f prime?
True
Let c(n) = -446*n**3 + 4*n**2 + 5*n + 8. Is c(-3) composite?
False
Let b(v) = v**3 - 3*v + 1. Let t be b(2). Suppose 0 = -5*j - 15, -t*j + 7 = -4*y + 40. Is y a prime number?
False
Let k = 380 + -113. Is k a composite number?
True
Let x(k) = k**3 + 12*k**2 - 5*k + 5. Is x(-9) prime?
True
Suppose 16 = 3*t - 4*m - 1, m + 2 = 0. Suppose -t*r + 189 - 672 = 0. Let z = r - -328. Is z a prime number?
True
Let g(u) = -3 - 2*u + 2 - 12*u. Let m = 0 - 1. Is g(m) prime?
True
Let r(j) = -13*j + 21. Let n(a) = 7*a - 10. Let u(c) = 5*n(c) + 2*r(c). Is u(7) prime?
False
Let y(t) = t**2 - 5*t + 4. Let u be y(3). Is 67*(1 + u + 2) composite?
False
Let z = -106 - -741. Is z composite?
True
Let o be 173/4 - (-2)/(-8). Let g = o - 22. Let q = g + -8. Is q a prime number?
True
Let t(p) = 3*p + 0*p - p - 2 + 15*p**2 - 2. Let m(j) = j**2 + j - 1. Let s(v) = -2*m(v) + t(v). Is s(-3) a composite number?
True
Suppose 0 = -4*z + 2303 - 99. Is z a composite number?
True
Let x be -1 + 40 - 0/3. Suppose w + 0*w - x = 0. Is w a prime number?
False
Let i be 10/(1/(-4)*2). Is (1270/i)/((-1)/2) prime?
True
Suppose 0 = -4*f + 50 + 10. Suppose -3*q + 12 = 2*c - c, -5*c = f. Suppose -q*m + 460 = 5*b, 2*m + 3*b = m + 90. Is m a prime number?
False
Suppose -2*o = r - 478, -2*o - 152 = -r + 326. Is r prime?
False
Let u(t) = 3*t - 10. Let m be u(10). Let b = 41 - m. Is b a composite number?
True
Let v = -666 - -1427. Is v prime?
True
Is (((-440)/15)/(-4))/(2/159) prime?
False
Let x be ((-12)/(-6))/((-1)/601). Let b = -237 - x. Is b a composite number?
True
Let j be (-2)/9 + (-80)/(-36). Let y(a) = 12*a**2 + 3*a - 3. Is y(j) a composite number?
True
Suppose 220 = -4*v - 3*b, v - b + 30 = -18. Let h = v - -120. Let n = h + -21. Is n a prime number?
True
Suppose 11264 + 15331 = 5*s. Is s/6 + 2/4 a composite number?
False
Let r = 58 + -27. Let u = r - -7. Is u a prime number?
False
Let n = 5 + -2. Suppose x - g + 149 = 556, n*x = 5*g + 1217. Is x prime?
T